me factors of 1790359.
1790359
What are the prime factors of 359539?
359539
What are the prime factors of 4525060?
2, 5, 17, 13309
List the prime factors of 608369.
608369
What are the prime factors of 9767610?
2, 3, 5, 108529
What are the prime factors of 242060?
2, 5, 7, 13, 19
List the prime factors of 6482678.
2, 17, 190667
What are the prime factors of 869925?
3, 5, 7, 1657
What are the prime factors of 772980?
2, 3, 5, 13, 991
List the prime factors of 1574204.
2, 393551
What are the prime factors of 7389845?
5, 61, 24229
What are the prime factors of 6241670?
2, 5, 29, 21523
What are the prime factors of 262171?
7, 13, 43, 67
What are the prime factors of 338091?
3, 13, 8669
What are the prime factors of 228282?
2, 3, 38047
What are the prime factors of 308079?
3, 34231
What are the prime factors of 1508913?
3, 7, 43, 557
What are the prime factors of 1802783?
137, 13159
List the prime factors of 1412225.
5, 56489
What are the prime factors of 5708406?
2, 3, 11, 86491
List the prime factors of 169573.
151, 1123
List the prime factors of 12679138.
2, 823, 7703
What are the prime factors of 162436?
2, 40609
What are the prime factors of 780362?
2, 11, 79, 449
List the prime factors of 890995.
5, 7, 25457
What are the prime factors of 2360887?
2360887
What are the prime factors of 20138902?
2, 7, 31, 947
List the prime factors of 1058587.
29, 173, 211
What are the prime factors of 4648558?
2, 43, 191, 283
List the prime factors of 2720558.
2, 1360279
What are the prime factors of 1991992?
2, 17, 97, 151
What are the prime factors of 4054691?
109, 37199
List the prime factors of 4192829.
17, 246637
List the prime factors of 2634313.
11, 71, 3373
List the prime factors of 2184434.
2, 7, 337, 463
List the prime factors of 4824625.
5, 13, 2969
What are the prime factors of 11132821?
7, 1590403
List the prime factors of 507660.
2, 3, 5, 8461
List the prime factors of 25780552.
2, 7, 61, 7547
List the prime factors of 21713711.
59, 368029
List the prime factors of 12750107.
73, 174659
List the prime factors of 461201.
13, 2729
List the prime factors of 381610.
2, 5, 31, 1231
What are the prime factors of 535793?
535793
List the prime factors of 1947578.
2, 973789
List the prime factors of 19054858.
2, 17, 560437
List the prime factors of 284965.
5, 56993
List the prime factors of 939770.
2, 5, 13, 7229
What are the prime factors of 4797597?
3, 7, 228457
List the prime factors of 306574.
2, 153287
What are the prime factors of 88026?
2, 3, 17, 863
List the prime factors of 825.
3, 5, 11
List the prime factors of 350103.
3, 13, 47, 191
What are the prime factors of 913051?
89, 10259
What are the prime factors of 385425?
3, 5, 571
What are the prime factors of 317805?
3, 5, 21187
List the prime factors of 7178953.
7178953
What are the prime factors of 5465095?
5, 41, 53, 503
List the prime factors of 10236895.
5, 97, 21107
List the prime factors of 530411.
7, 75773
List the prime factors of 249422.
2, 311, 401
List the prime factors of 493779.
3, 11, 13, 1151
List the prime factors of 94618.
2, 47309
What are the prime factors of 378196?
2, 7, 13, 1039
List the prime factors of 1031525.
5, 11, 31
List the prime factors of 43302581.
7, 6186083
List the prime factors of 75655.
5, 15131
List the prime factors of 230425.
5, 13, 709
List the prime factors of 2930204.
2, 349, 2099
What are the prime factors of 427816?
2, 53, 1009
List the prime factors of 3242143.
409, 7927
List the prime factors of 959039.
97, 9887
List the prime factors of 4403633.
13, 71, 367
What are the prime factors of 10443968?
2, 53, 3079
What are the prime factors of 930520?
2, 5, 43, 541
What are the prime factors of 8663088?
2, 3, 7, 19, 23, 59
List the prime factors of 865846.
2, 432923
List the prime factors of 466782.
2, 3, 77797
List the prime factors of 121915.
5, 37, 659
What are the prime factors of 398037?
3, 132679
What are the prime factors of 148707?
3, 13, 31, 41
What are the prime factors of 861488?
2, 23, 2341
What are the prime factors of 8469486?
2, 3, 83, 5669
What are the prime factors of 232912?
2, 14557
List the prime factors of 246192.
2, 3, 23, 223
What are the prime factors of 1789587?
3, 79, 839
What are the prime factors of 2835602?
2, 7, 11, 18413
What are the prime factors of 544610?
2, 5, 11, 4951
List the prime factors of 30469.
30469
What are the prime factors of 4345237?
13, 79, 4231
List the prime factors of 2747325.
3, 5, 7, 5233
What are the prime factors of 264555?
3, 5, 5879
What are the prime factors of 26523?
3, 7, 421
List the prime factors of 31407752.
2, 3925969
What are the prime factors of 2049804?
2, 3, 97, 587
What are the prime factors of 15264911?
191, 229, 349
List the prime factors of 1442224.
2, 7, 79, 163
What are the prime factors of 192495?
3, 5, 41, 313
What are the prime factors of 534237?
3, 11, 16189
What are the prime factors of 251333?
127, 1979
What are the prime factors of 3995684?
2, 7, 11, 12973
What are the prime factors of 4498534?
2, 31, 37, 53
What are the prime factors of 8187101?
13, 37, 17021
List the prime factors of 25535329.
25535329
What are the prime factors of 479244?
2, 3, 39937
List the prime factors of 1406064.
2, 3, 11, 2663
What are the prime factors of 584200?
2, 5, 23, 127
List the prime factors of 499579.
17, 29387
What are the prime factors of 854878?
2, 427439
List the prime factors of 468560.
2, 5, 5857
List the prime factors of 431164.
2, 107791
List the prime factors of 213419.
457, 467
List the prime factors of 888672.
2, 3, 9257
List the prime factors of 1342999.
7, 173, 1109
List the prime factors of 1000962.
2, 3, 55609
What are the prime factors of 439918?
2, 219959
What are the prime factors of 2503940?
2, 5, 125197
List the prime factors of 167473.
223, 751
List the prime factors of 826326.
2, 3, 29, 1583
List the prime factors of 13978956.
2, 3, 43, 27091
List the prime factors of 7160323.
79, 233, 389
List the prime factors of 1548193.
103, 15031
What are the prime factors of 1947956?
2, 19, 71
List the prime factors of 7609321.
7609321
What are the prime factors of 2837239?
2837239
List the prime factors of 134375.
5, 43
List the prime factors of 2820094.
2, 19, 47, 1579
What are the prime factors of 3190502?
2, 7, 227893
List the prime factors of 2647906.
2, 97, 13649
List the prime factors of 452306.
2, 139, 1627
List the prime factors of 214404.
2, 3, 17, 1051
What are the prime factors of 81394?
2, 40697
List the prime factors of 15663776.
2, 489493
What are the prime factors of 122127?
3, 40709
What are the prime factors of 1593522?
2, 3, 7, 12647
What are the prime factors of 324319?
324319
List the prime factors of 322806.
2, 3, 11, 67, 73
List the prime factors of 47433.
3, 97, 163
List the prime factors of 2853886.
2, 7, 23, 8863
What are the prime factors of 3965877?
3, 440653
What are the prime factors of 149999?
61, 2459
List the prime factors of 2747644.
2, 686911
What are the prime factors of 229344?
2, 3, 2389
What are the prime factors of 117812?
2, 29453
List the prime factors of 1647847.
1647847
What are the prime factors of 14530271?
7, 719, 2887
List the prime factors of 194573.
179, 1087
List the prime factors of 818477.
11, 37, 2011
What are the prime factors of 152539?
152539
List the prime factors of 40720.
2, 5, 509
What are the prime factors of 1169279?
19, 41, 79
What are the prime factors of 608118?
2, 3, 7, 14479
List the prime factors of 21539022.
2, 3, 41, 87557
What are the prime factors of 520252?
2, 113, 1151
List the prime factors of 3525569.
643, 5483
What are the prime factors of 16316731?
16316731
What are the prime factors of 1681704?
2, 3, 23357
What are the prime factors of 2420826?
2, 3, 73, 5527
List the prime factors of 332749.
332749
List the prime factors of 440204.
2, 110051
What are the prime factors of 373602?
2, 3, 71, 877
What are the prime factors of 335038?
2, 11, 97, 157
What are the prime factors of 258682?
2, 129341
What are the prime factors of 3258681?
3, 61, 17807
What are the prime factors of 23096195?
5, 1481, 3119
What are the prime factors of 2699549?
17, 9341
What are the prime factors of 1160265?
3, 5, 77351
What are the prime factors of 74522?
2, 7, 5323
What are the prime factors of 1039292?
2, 259823
List th